inder when i is divided by x?
32
Suppose 107 + 414 = 2*x + 5*m, 0 = 2*x - 3*m - 481. What is the remainder when x is divided by 43?
33
Let b(s) = -12*s - 42. What is the remainder when b(-5) is divided by 2?
0
Let o be 75/7 - ((-120)/28 - -4). Suppose -10 - o = -3*h. Let t = 10 - 6. Calculate the remainder when h is divided by t.
3
Suppose 4*r = 2*i + 14, -5*i - 3*r - 13 = -43. Suppose -4*c - 4 = -20, -u - 1 = -i*c. What is the remainder when 29 is divided by u?
7
Let k(v) = v - 2. Let g be (-74)/(-10) - (-6)/(-15). What is the remainder when k(g) is divided by 3?
2
Let t be (-9 - -1)*(6/8 - 6). Let g = 228 - 149. Let o = g - t. Calculate the remainder when o is divided by 13.
11
Calculate the remainder when 203/2*(24 - 22) is divided by 5.
3
Suppose 109*z - 113*z + 132 = 0. What is the remainder when 1285 is divided by z?
31
Let k(i) = 40*i - 60. What is the remainder when k(2) is divided by 17?
3
Suppose 0 = -3*h + 4*h - 5, 2*p - 5*h - 35 = 0. Suppose -90 = -2*s + 2*k + 34, 5*s - 262 = -3*k. Calculate the remainder when s is divided by p.
26
Let v = -11 + 38. Suppose 0 = 4*k - 3*k - 2*c - 6, c - 60 = -4*k. Suppose -k = l - 3*l. Calculate the remainder when v is divided by l.
6
Let l(b) = -b**2 + 14*b - 1. Let y be ((3 - 4) + 40)*1/3. Calculate the remainder when 33 is divided by l(y).
9
Suppose 0 = -5*m - 0 - 10. Let r = m - -40. Let d = -25 + 35. What is the remainder when r is divided by d?
8
Suppose 5*h = 5*q + 10, 3*q + 0 = 4*h - 10. Suppose 16*i - 7*i - 171 = 0. Calculate the remainder when i is divided by (1 - q)*-1*5.
4
Suppose -4*k - 7*r - 20 = -3*r, -r = -1. Calculate the remainder when 124 is divided by k/(-105)*5 - 444/(-14).
28
Suppose 0 = -4*i + 3*g + 340, 2*g - 4*g - 8 = 0. Suppose -5*m - r + i = 0, 74 = 5*m - 4*r + r. What is the remainder when m is divided by 9?
7
Let t be (-4 - -1) + 15/5. What is the remainder when 23 is divided by (t - -1)/((-3)/(-15))?
3
Suppose -5 = 3*p - 17. Let q be (0 + 0)*p/(-8). Suppose 5*c + 0*c = 3*u + 162, -5*c - 5*u + 130 = q. Calculate the remainder when 87 is divided by c.
27
Suppose 3*o + 9 = 4*o. Suppose 7*m - 10*m = -48. Calculate the remainder when m is divided by o.
7
Let y(j) = j**2 + 13*j + 26. Let d(g) = 6*g**2 - 1. What is the remainder when d(3) is divided by y(-12)?
11
Suppose 2*x + 9 = 67. Suppose 2*g - 42 = 5*g - 4*i, 3*g = -5*i - 15. What is the remainder when x is divided by (12/g)/((-3)/30) + -4?
5
Suppose 19*l - 26*l + 679 = 0. What is the remainder when l is divided by 30?
7
Let o(v) = -15*v**2 - 2*v - 2. Let m(f) = -f**2 - 1. Let g(p) = 5*m(p) - o(p). Calculate the remainder when g(2) is divided by 14.
13
Suppose 0 = 2*w + 5*w - 56. Let y(p) = p**3 - 8*p**2 + 3*p - 13. What is the remainder when y(w) is divided by 7?
4
Suppose 0 = -6*c + 334 - 34. Calculate the remainder when 73 is divided by c.
23
What is the remainder when (-1 + 3)*(-2898)/(-36) is divided by 84?
77
Calculate the remainder when (-3)/(-3 + 2) - (-48 + -4) is divided by 16.
7
Let f = -32 + 69. Let k(h) = h**2 + 44*h + 242. Calculate the remainder when f is divided by k(-6).
9
Let r(z) = 2*z**2 - 38*z + 27. Let q = -595 + 375. Let k = -113 - q. What is the remainder when k is divided by r(0)?
26
What is the remainder when 3/(6/88) + -4 is divided by (-1)/((-2)/(-56)*-2)?
12
Let n(y) = 38*y**2 + 6*y + 2. What is the remainder when n(-1) is divided by 12?
10
Suppose 105 = -12*n + 17*n. Suppose 4*z - 70 - 246 = 0. Calculate the remainder when z is divided by n.
16
Let h(n) = -3*n**2 - 49*n - 43. Calculate the remainder when h(-13) is divided by 30.
27
Suppose 2*q + 48 = 4*q. Suppose 3*p - 4*y + 20 = -0*p, -2*y + 10 = -p. Suppose 9*d - 4*d - 355 = p. Calculate the remainder when d is divided by q.
23
Suppose 4*p - 3*g = 3*p + 58, -4*g = -3*p + 189. What is the remainder when 601 is divided by p?
65
Suppose 4*d + 955 - 25 = 2*j, 4*d - 914 = -2*j. What is the remainder when j is divided by 66?
65
Suppose p + 2*p - 282 = 0. Suppose 2*b + 11 = u + 76, -4*u = -3*b + 100. What is the remainder when p is divided by b?
30
Let f = -30 - -58. Let z = f - 10. Calculate the remainder when 67 is divided by z.
13
Let g(d) = d**3 - 5*d**2 + d + 3. What is the remainder when (-21)/(3/(-3)) - (70 - 72) is divided by g(5)?
7
Suppose -40*v + 81*v = 3198. What is the remainder when 279 is divided by v?
45
Let a(p) = -p**2 + 5*p + 161. Let t = 7 + -1. What is the remainder when a(15) is divided by t?
5
Let m be (-2*(-3)/(-9))/(4/(-1086)). Let v = -50 + m. What is the remainder when v is divided by 33?
32
Let t(m) = m**3 + 4*m**2 - 16*m - 14. What is the remainder when 143 is divided by t(-6)?
3
Let z(n) = 12*n + 3. Let q be z(2). Suppose -g = -109 + q. Calculate the remainder when g is divided by 42.
40
Suppose 2*b + 81 = -b. What is the remainder when 38 is divided by 21/14 + (b/(-6) - 1)?
3
Suppose 2*d + 0*k + 4*k = -20, 95 = -5*d - k. Let j be (12/(-9))/(4/78). Let t = d - j. What is the remainder when 9 is divided by t?
3
Let n = -10 + 18. Let h be (-20 + 4)/4 + 6. What is the remainder when h/((-360)/92 + 4) is divided by n?
7
Suppose 0 = 61*t - 93359 - 76770. What is the remainder when t is divided by 62?
61
Let i(u) = 8*u**3 - u**2 + 1. Calculate the remainder when 38 is divided by i(1).
6
Suppose 0 = -8*s + 4*s + 8. Suppose -3*p + s*p = 4. What is the remainder when 52 is divided by 2 + 18 - (-2 - p)?
16
Let r(i) = i**2 - i + 8. Suppose 2*o = 3*c - 94, 2*c + 3*o + o = 36. What is the remainder when c is divided by r(0)?
4
Let l = 40 - -35. What is the remainder when l is divided by 20?
15
Let w = 3 - -1. Suppose -7*c + w = -6*c. What is the remainder when 18/c*(-4)/(-2) is divided by 5?
4
Let r(m) = m**3 + 12*m**2 + 23*m + 39. Let u(a) = 3*a**2 + 5*a - 4. What is the remainder when u(-4) is divided by r(-10)?
6
Suppose -24*d + 988 = 2*d. Calculate the remainder when 141 is divided by d.
27
Let m(h) = h**2 - 4*h - 2. Let k be m(6). Let v(x) = 2*x**2 - 12*x - 14. Calculate the remainder when v(k) is divided by 14.
10
Let x(z) = -z**3 + 6*z**2 + 2*z - 6. What is the remainder when x(6) is divided by (-10)/(-90) - (-52)/18?
0
Let a = 742 + -137. What is the remainder when a is divided by 199?
8
Suppose 79 = 5*c - 3*x, 3*x + 12 = 2*c - 25. Calculate the remainder when 37 is divided by c.
9
Suppose 36*x + 960 = 100*x. What is the remainder when x is divided by 6?
3
Let b(g) = 3*g**2 + 2*g - 2. Let k be b(3). Suppose -1 = -4*z + k. Calculate the remainder when z is divided by (36/24)/(-6 + 52/8).
2
Let x(m) = -2*m**3 + 19*m**2 + 9*m + 10. Let f be x(10). Calculate the remainder when 97 + -13 - (f + -5) is divided by 46.
43
Suppose 4*b - 10 = -5*r, -3*r + 4*b - 2*b - 16 = 0. Let u = 0 - -8. What is the remainder when 4928/165 + r/(-15) is divided by u?
6
Let i(d) = d**3 + 10*d**2 - 10*d + 14. Calculate the remainder when i(-9) is divided by 31.
30
Suppose -19*r + 29*r - 720 = 0. What is the remainder when 220 is divided by r?
4
Let m = -34 + 76. What is the remainder when m is divided by 29?
13
Let s(l) = l**2 - 6*l + 10. Let j be s(5). Suppose -5*r = -2*q + 46, j*q + 4*r = 2*r + 57. Calculate the remainder when q is divided by 5.
3
Suppose -2*s + 5*c + 6 - 8 = 0, -c = -4. Calculate the remainder when 103 is divided by s.
4
Suppose -37 = -6*z + 77. Let w = 38 - z. Calculate the remainder when 74 is divided by w.
17
Suppose 5*a - 117 = -3*d, 3*a + 154 + 41 = 5*d. Calculate the remainder when d is divided by 7.
4
Let q(z) = z**3 - 3*z**2 - 8*z + 3. What is the remainder when 37*15/10*(-2)/(-3) is divided by q(5)?
11
Let r = 297 - 107. Suppose 4*o - 5*q - 42 = 3*o, 4*o + 2*q - r = 0. What is the remainder when o is divided by 16?
15
Let d(g) be the second derivative of -g**3/3 - 19*g**2/2 + 11*g. Calculate the remainder when 40 is divided by d(-15).
7
Suppose -3*g - 20*k = -23*k - 279, 0 = 3*g - 5*k - 273. What is the remainder when 189 is divided by g?
93
Let s = 38 + -55. Let v(a) = -30*a**3 + 21*a + 22. Let q be v(-1). Let c = s + q. What is the remainder when 39 is divided by c?
11
Let s = 2777 + -2628. What is the remainder when s is divided by 66?
17
Let n = 77 + 28. What is the remainder when 3*(-2 - -3) + n is divided by 37?
34
Suppose 0 = -44*r + 53*r - 135. What is the remainder when r is divided by 10?
5
Let d(w) = w**3 